 + -4)?
-120
What is -2 + -37 + (77 - 28) + -58?
-48
Evaluate -3 + 27 + (-2 + -3 - -24) + -7.
36
Calculate (1 - -39) + 20 + (25 - 23 - 18) + -7.
37
What is the value of -148 + 139 + -143 + 50?
-102
What is -2 - (15 - (-13 + 11)) - -8?
-11
186 + (-113 + 80 - 40)
113
Evaluate -2023 + 2012 + -2 + (-22 - 4).
-39
What is 16 + -34 + -6 + 9 + 16 + -88?
-87
What is the value of 9 - (89 - 17) - (9 + (-13 - -1) + 6)?
-66
Calculate -11 - -75 - (-53 + 110).
7
Calculate (0 - 33) + (-112 + 109 - -13).
-23
-50 + (3 + (3 - 16) - (-74 + 72))
-58
Calculate -68 - ((-20 - -31 - -23) + -67).
-35
What is (713 - 684) + (-17 - 0) - ((8 - 9) + 10)?
3
40 + -27 + (-27 - 20)
-34
Evaluate -81 - (10 + -37 - (-5 + 3)).
-56
What is -1 - -23 - (204 + (52 - 307))?
73
-9 - (-3 - (0 - (37 + -1)))
-42
(-229 - (-81 - 10)) + 9
-129
Calculate -122 + (28 + -14 - (-52 - -22)).
-78
-164 + 170 - 161 - -257
102
What is the value of (-9 - -37) + -2 + 2 + -1 + 10?
37
Evaluate (-98 + 254 - 88) + -54.
14
Evaluate 63 + 4 + 4 - ((185 - 178) + 5 + 0).
59
Calculate (-89 - -3) + 15 - (3 - -4 - 24).
-54
Calculate (5 - -2) + 1 + -36 + 14 + -101.
-115
Calculate -23 - (-60 - -12 - -15) - (4 - -6).
0
What is the value of 2 + 46 + 2005 + -2013?
40
What is the value of 48 - 10 - 6 - (18 - 14 - (7 - -3))?
38
(-5 - -1) + (42 + -31 - 110) - (-13 - -22)
-112
Evaluate 68 + -17 + 14 - 197.
-132
What is the value of -12 + 65 + (9 - 43) - 74?
-55
Evaluate (-103234 - -103239) + (1 - ((-1 - 6) + 0)).
13
4 - -15 - (-6 - -8 - -8)
9
(-160 + 110 - -43) + (-2 + -2 + 5 - 60)
-66
What is the value of 28 + -33 + 2 + 16 + -14?
-1
Evaluate 0 - ((-2 - 5) + -17 + 31 + 5).
-12
Evaluate 5205 + -5242 + (101 - -1).
65
Calculate -1 + 2 - (-289 - -315) - -45.
20
-27 - (41 + -77 + 23)
-14
Calculate (-19 - (1 + -8)) + 18 - -1.
7
What is the value of (-52 - (-33 + 2 + 1)) + -42?
-64
Evaluate -4 + -4 + 11 + 39 + 3.
45
Evaluate 27 + 10 + -20 + -26 + 1 + (1 - 11).
-18
What is 1 + (-2 - (-44 + (-2 + 10 - 1)))?
36
What is the value of -35 + 4 - (-584 + 591)?
-38
Evaluate -15 - ((13 - -2) + 0 - (13 - (-10 - 107))).
100
106 - 118 - (-28 - (-5 - -13))
24
What is the value of -57 - (11 - (121 - 69))?
-16
What is 0 - (50 + 2 + 345 + -349)?
-48
Evaluate -43 - (5 - (-2 - -7 - (5 + -9 + 2))).
-41
What is (-2 + -19 - (339 + -377)) + -3 + -15?
-1
What is (-9 - 5) + 36 - -18?
40
-84 + 11 + 60 + 18 + -64
-59
What is the value of 18 - (2 - 1) - (-5 - -18) - 49?
-45
(-97 - -62 - 0) + (0 - -15)
-20
What is -36 + (-33 - 7) + 52 + 27?
3
What is the value of (-8 - -5 - -12 - (-23 + 28)) + 35?
39
What is (-10 - -1) + (-4 - -7) + (12 - 41)?
-35
What is -30 + (28 - 56 - -19 - 28)?
-67
(2 - (-16 + 6)) + -6 - 17 - 2
-13
What is the value of -13 + 5 + -24 + (-1 - 14) + -11?
-58
36 + (-109 - -58) + -18 + 2 - 9
-40
0 + -1 + 16 + 22 + -53 + 23 + 57
64
-18 + 21 + 17 + 3 - 69
-46
Calculate 98 + -103 + (-17 - (4 + -7)).
-19
Calculate 7 + 0 + 2 + -21 + (64 - 1) + 14.
65
Evaluate (-1 - (14 - 8)) + (33 - 17) + -27.
-18
What is (2 - -24) + -15 + 10 + -45 + -2?
-26
What is (-21 - (12 + -44)) + -23?
-12
What is (-2 + 19 - 8) + -36 + -24?
-51
-68 + (14 + 1 - (74 + -91))
-36
What is the value of (122 - 120) + (-3 - ((4 - 8) + 32))?
-29
Calculate 15 + 28 + -35 + 4 + 18.
30
Calculate -2443 - -2511 - (-1 - -15).
54
Calculate -37 + -76 + 40 + 104.
31
Calculate 90 + 0 + 2 + -2 + (-371 - -162 - -220).
101
Evaluate -330 - (-110 - 16) - -114.
-90
What is the value of -59 - (10 - 22 - 12)?
-35
What is the value of 9 + (13 - -1) + -12 + (-118 - -98)?
-9
Calculate 78 - (-116 - -50 - -57).
87
Calculate 3 - 36 - ((6 - 4) + -16).
-19
What is 118 + -94 + 79 + -165?
-62
39 + 18 + -50 - 41
-34
Evaluate 13 + -1 + (23 - (4 - (39 + -71))).
-1
Calculate 22 + ((-6 - -20) + -4 - 42).
-10
What is the value of -128 + -25 + 152 + (-18 - -2 - 0 - -2)?
-15
What is the value of (0 - (-12 - 3)) + 23 + -10?
28
-12 + 1 + (1197 - 1215) - -9
-20
Evaluate (17 - (2 - 16)) + (64 - 4).
91
What is the value of -9 + 3 + 2 + 12 + 9?
17
What is the value of (5 + -9 + 6 + 1 - 6) + 23?
20
Calculate 30 - 42 - -54 - 17 - -29.
54
Evaluate ((-1 - 1) + 15 - 2) + (-2293 - -2261).
-21
Calculate (-57 - 2) + 44 + -42 - (-123 + 133).
-67
What is the value of (-87 - -50) + (-19 - -57)?
1
Evaluate -10 - -45 - (13 + -14 + (12 - (28 - 5))).
47
What is -42 + 71 - 69 - (21 + -154)?
93
Evaluate 274 + -266 - (6 + -13 + 4 - -14).
-3
What is -5 + -13 + (-14 - -39) + -8?
-1
What is the value of (111 - (0 + 43)) + -77?
-9
What is 2 - (17 + -13 - 27) - 61?
-36
(-22 + 63 - 93) + 43
-9
Calculate -26 - (-115 + 34 + (-31 - -13)).
73
What is the value of 38 - (-5 - ((10 - (5 - 4)) + -3))?
49
59 - (17 - -9 - -35)
-2
What is (-7 - -6) + (107 - (-8 + 30) - -4)?
88
What is the value of (-129 - -26) + 15 + 5?
-83
-26 - (-51 - -26) - (-1 + (7 - -19))
-26
What is 44 + 53 + -105 - 34?
-42
Calculate -1989 + 1989 - ((-4 - (-2 - 0)) + (-1 - -4)).
-1
Evaluate (-15 + 1 + (-2 - -11) + 20 - 4) + -18.
-7
Calculate 70 + 5 + (-7 - 44).
24
What is (9 - (-6 + -26 + 26)) + (3 - 152)?
-134
What is the value of 0 + 125 - (6382 - 6337)?
80
Calculate (-44 - -37) + (0 - (7 - (-43 + -16))).
-73
Evaluate 1 + -24 + (11 - (-19 - -15)) + -14.
-22
Calculate (8 - (3 - -5)) + (-5 - -4) - -12.
11
What is the value of 9 - 44 - -93 - 33?
25
(-9 - 9) + 3 - (-7 - -8 - (-81 - 7))
-104
What is 0 - ((-1 - (1 + -2)) + (-7 + 8 - 9))?
8
Calculate 10 - (-47 + 27 + 4).
26
What is (4 - 6) + 2 + 32 + -2 + 1 + 6?
37
66 + (9 + -71 - -2)
6
What is the value of (-35 + 25 - -47) + 1?
38
7 + -28 + (19 - 16) + (-5 - (-4 + 5))
-24
Evaluate 47 + -99 + 59 + 45.
52
What is the value of 10 - (55 - (43 - -64))?
62
What is the value of 146 + (-1 + (4 - 7 - (-14 + 16)) - 4)?
136
(1 - -5) + -2 - (-57 + 10 + (79 - 35))
7
Calculate (117 - 108 - (-1 + 11)) + -9 + 9.
-1
Calculate 4 + -3 + -2 - 37 - (6 + -1).
-43
Evaluate (42 - (27 + -37 - 12)) + -13 + -2.
49
22 + -32 + 47 + 15 + -22
30
Evaluate (14 - 45) + (6 + 10 - -4).
-11
(-3 + 6 - -31) + -1355 + 1341
20
Evaluate 2 + (3 + -18 - (84 - 121)).
24
178 + -209 - (-22 + 4 + 4 + -2)
-15
-5 + (-14 - -8) - (-13 + 2) - 23
-23
What is the value of (0 - 1 - 3) + (79 - 41 - -7)?
41
Evaluate -60 - (-19 + -11) - (-5 + 11).
-36
What is the value of -78 - (2 + 15 - ((76 - 63) + 23))?
-59
Evaluate (25 - 34) + -34 - -36.
-7
7 + -52 + 89 + -98
-54
Calculate -41 - (-2 + (-4 - -5)) - ((-5 - -18) + -10).
-43
What is 10 + (16 + -1 - (-1 - 34 - -37))?
23
What is (8 - 6) + 39 - (-20 - (-19 - -5))?
47
What is the value of (-4 - (-9 - -1)) + -98 - -10 - 14?
-98
-14 - -6 - (123 - (118 - 64) - (2 + -1))
-76
What is -66 - (84 + -44 - 162)?
56
Evaluate -3 + 34 + -6 + 20 + -9.
36
What is (-25 - (-23 + -2)) + (-17 - -13)?
-4
What is 48 + (-49 - -2) + -14?
-13
Evaluate 2 - 3 - (-138 - -155) - -14.
-4
Calculate -87 - (27 + -9 - (19 + 2) - -5).
-89
What is the value of 8 + 23 + 9 + (0 - 2) + 7?
45
What is 10 - (25 - (33 + -34))?
-16
Evaluate -98 + (96 - 15) + (1 - 25).
-41
Evaluate -2 - (32 + 11 - 22 - -37).
-60
Evaluate -8 + 0 + 48 + (13 - 16 - 6).
31
Calculate (-8 - (-20 + 21)) + 45.
36
What is the value of (84 - (149 - 104)) + -49 + 3?
-7
Calculate 8 - (-1 + -21) - (37 - 38).
31
(10 + 2 - 0) + 630 + -663
-21
-7 + (-10 - 2 - (-253 + 96))
138
What is the value of 4 + (-4 - (-13 - (-3 - (1 + 16)))) - -35?
28
129 - (137 - (-3 + 83))
72
(-1 - -1 - (-380 + 380)) + 15 + -2 + -12
1
What is the value of 4 + 0 - 2 - -1 - (-189 + -37 - -282)?
-53
4 - (-1 - 2) - (20 + -18 + -2)
7
What is the value of (-8 - (-28 + 11 + (29 - 28))) + -1 + 93?
100
Evaluate (3 - -12) + (-3 - 84) + 20.
-52
Calculate -124 + (-32 + 47 - -44).
-65
Calculate -26 + 19 + 5 + -2 + -1 - 15.
-20
What is 12 - (21 + (-22 - -6) + 21 + -4)?
-10
Calculate (2 + 111 - (-624 + 625)) + -20.
92
What is the value of -1 + 1 - -10 - (-265 + (607 - 233))?
-99
What is -15 + -13 + 14 + (-4 - -25) + 3?
10
36 - (65 + -47 + -23 + 108)
-67
What is 128 - -2 - (-825 - -986)?
-31
Calculate 34 + (-14 - (-11 - -44) - -119).
106
Evaluate -1 + (-6 - (88 + -87 + (-1 - 16))) + 33.
42
What is 19 - ((-300 - -418) + 0 + -19)?
-80
-3 - 46 - (543 - 622)
30
What is the value of -56 + 6 + -12 - (-416 + 426)?
-72
What is the value of 26 - (-26 - (-24 + 6)) - 0?
34
What is -19 - (13 + (14 - (-17 + 37)))?
-26
Calculate -5 - 1 - (520 - 512) - (13 - -14).
-41
Calculate 37 